{"id":385,"date":"2014-03-22T19:43:21","date_gmt":"2014-03-22T19:43:21","guid":{"rendered":"http:\/\/trauerlichtung.wordpress.com\/?page_id=6"},"modified":"2014-03-22T19:43:21","modified_gmt":"2014-03-22T19:43:21","slug":"leistungen","status":"publish","type":"page","link":"https:\/\/trauerlichtung.de\/?page_id=385","title":{"rendered":"leistungen"},"content":{"rendered":"<p>Wir \u00fcbernehmen f\u00fcr Sie die gesamte Organisation der Trauerfeier, das beinhaltet z.B. Terminabsprachen mit dem Friedhofsamt, Pfarrer\/In, Trauerredner\/In, Organist\/in. Wir versuchen alle Ihre W\u00fcnsche f\u00fcr eine ganz pers\u00f6nliche Feier umzusetzen \u2013 ob es die Blumengestaltung, die musikalische Umrahmung, besondere Abschiedsrituale betrifft und all das, was Sie an Gestaltungsideen entwickeln.<\/p>\n<p>Dar\u00fcber hinaus erledigen wir f\u00fcr Sie s\u00e4mtliche Formalit\u00e4ten, die mit dem Eintritt des Todes erforderlich werden, wie z.B. die Meldung beim Standesamt, die Besorgung von Sterbeurkunden und alle notwendigen Papiere f\u00fcr die Beisetzung, die Abmeldung von der Krankenkasse, Versicherungen aller Art, die Kl\u00e4rung und Beantragung der Rente, den Austritt von Vereinen etc.<\/p>\n","protected":false},"excerpt":{"rendered":"<p>Wir \u00fcbernehmen f\u00fcr Sie die gesamte Organisation der Trauerfeier, das beinhaltet z.B. Terminabsprachen mit dem Friedhofsamt, Pfarrer\/In, Trauerredner\/In, Organist\/in. Wir versuchen alle Ihre W\u00fcnsche f\u00fcr eine ganz pers\u00f6nliche Feier umzusetzen \u2013 ob es die Blumengestaltung, die musikalische Umrahmung, besondere Abschiedsrituale&hellip;<\/p>\n<p class=\"more-link-p\"><a class=\"more-link\" href=\"https:\/\/trauerlichtung.de\/?page_id=385\">Read more &rarr;<\/a><\/p>\n","protected":false},"author":1,"featured_media":0,"parent":0,"menu_order":0,"comment_status":"closed","ping_status":"closed","template":"","meta":{"footnotes":""},"_links":{"self":[{"href":"https:\/\/trauerlichtung.de\/index.php?rest_route=\/wp\/v2\/pages\/385"}],"collection":[{"href":"https:\/\/trauerlichtung.de\/index.php?rest_route=\/wp\/v2\/pages"}],"about":[{"href":"https:\/\/trauerlichtung.de\/index.php?rest_route=\/wp\/v2\/types\/page"}],"author":[{"embeddable":true,"href":"https:\/\/trauerlichtung.de\/index.php?rest_route=\/wp\/v2\/users\/1"}],"replies":[{"embeddable":true,"href":"https:\/\/trauerlichtung.de\/index.php?rest_route=%2Fwp%2Fv2%2Fcomments&post=385"}],"version-history":[{"count":0,"href":"https:\/\/trauerlichtung.de\/index.php?rest_route=\/wp\/v2\/pages\/385\/revisions"}],"wp:attachment":[{"href":"https:\/\/trauerlichtung.de\/index.php?rest_route=%2Fwp%2Fv2%2Fmedia&parent=385"}],"curies":[{"name":"wp","href":"https:\/\/api.w.org\/{rel}","templated":true}]}}

<p>Wir übernehmen für Sie die gesamte Organisation der Trauerfeier, das beinhaltet z.B. Terminabsprachen mit dem Friedhofsamt, Pfarrer/In, Trauerredner/In, Organist/in. Wir versuchen alle Ihre Wünsche für eine ganz persönliche Feier umzusetzen – ob es die Blumengestaltung, die musikalische Umrahmung, besondere Abschiedsrituale betrifft und all das, was Sie an Gestaltungsideen entwickeln.</p>
<p>Darüber hinaus erledigen wir für Sie sämtliche Formalitäten, die mit dem Eintritt des Todes erforderlich werden, wie z.B. die Meldung beim Standesamt, die Besorgung von Sterbeurkunden und alle notwendigen Papiere für die Beisetzung, die Abmeldung von der Krankenkasse, Versicherungen aller Art, die Klärung und Beantragung der Rente, den Austritt von Vereinen etc.</p>

<p>Wir übernehmen für Sie die gesamte Organisation der Trauerfeier, das beinhaltet z.B. Terminabsprachen mit dem Friedhofsamt, Pfarrer/In, Trauerredner/In, Organist/in. Wir versuchen alle Ihre Wünsche für eine ganz persönliche Feier umzusetzen – ob es die Blumengestaltung, die musikalische Umrahmung, besondere Abschiedsrituale&hellip;</p>
<p class="more-link-p"><a class="more-link" href="https://trauerlichtung.de/?page_id=385">Read more &rarr;</a></p>
