{"id":313,"date":"2014-03-22T19:34:40","date_gmt":"2014-03-22T19:34:40","guid":{"rendered":"http:\/\/trauerlichtung.wordpress.com\/?page_id=1"},"modified":"2014-03-22T19:34:40","modified_gmt":"2014-03-22T19:34:40","slug":"unsere_philosophie","status":"publish","type":"page","link":"https:\/\/trauerlichtung.de\/?page_id=313","title":{"rendered":"unsere philosophie"},"content":{"rendered":"<p>&nbsp;<\/p>\n<h3 class=\"entry-title\">unser wissen<\/h3>\n<p>Der Tod ist wie die Geburt ein wichtiger \u00dcbergang im Leben eines Menschen.<\/p>\n<p>Schon immer haben Frauen Geburt und Tod begleitet. Ihr Wissen unterst\u00fctzt die einf\u00fchlsame und f\u00fcrsorgliche Begleitung der notwendigen Handlungen! Auch wir besinnen uns wieder auf die Tradition der Totenw\u00e4scherinnen und \u00fcbernehmen die Abschiednahme und Totenwache in famili\u00e4ren R\u00e4umen. Wenn gew\u00fcnscht, bringen wir den Verstorbenen nochmals \u201cnach Hause\u201d, wenn der Tod an einem anderen Ort eingetreten ist. Diese Abschiednahme ist ein sch\u00f6ne Begleitung f\u00fcr die Toten und unterst\u00fctzt die Lebenden, den unab\u00e4nderlichen Verlust langsam zu begreifen und vielleicht ein St\u00fcck Heilung zu erfahren.<\/p>\n<p>In der kostbaren Zeit des Abschiednehmens stehen wir den Hinterbliebenen, der Familie sowie den Freunden in einf\u00fchlsamer Weise zur Seite und unterst\u00fctzen sie in jeder erdenklichen Hinsicht.<\/p>\n<h3><\/h3>\n<h3>unsere intention<\/h3>\n<p>Geburt und Tod &#8211; die wesentlichen und einzigartigen \u00dcberg\u00e4nge in unserem Leben. Freudig feiern viele das Fest der Geburt, w\u00e4hrend die Kultur der Abschiednahme, von vielen Tabus gepr\u00e4gt ist und in Konventionen erstarrt.<\/p>\n<p>Zunehmend verlieren die Menschen ihr Wissen \u00fcber traditionelle Abschiedsrituale oder sie erscheinen ihnen unzeitgem\u00e4\u00df und wenig tr\u00f6stlich.<\/p>\n<p>Wir begleiten Sie in der Zeit der Trauer, informieren Sie ausf\u00fchrlich was alles m\u00f6glich ist und geben Ihnen Zeit und Raum, das zu tun, was f\u00fcr Sie wichtig ist. Dies ist ein lebendiger Prozess. Wir m\u00f6chten Sie ermutigen, sich selbst zu vertrauen und sich auf diese Entwicklung einzulassen.<\/p>\n<p>Wir m\u00f6chten den Tod enttabuisieren, ihn mit Farben und Formen zur\u00fcck ins Leben holen, welches nicht nur schwarz oder wei\u00df ist.<\/p>\n","protected":false},"excerpt":{"rendered":"<p>&nbsp; unser wissen Der Tod ist wie die Geburt ein wichtiger \u00dcbergang im Leben eines Menschen. Schon immer haben Frauen Geburt und Tod begleitet. Ihr Wissen unterst\u00fctzt die einf\u00fchlsame und f\u00fcrsorgliche Begleitung der notwendigen Handlungen! Auch wir besinnen uns wieder&hellip;<\/p>\n<p class=\"more-link-p\"><a class=\"more-link\" href=\"https:\/\/trauerlichtung.de\/?page_id=313\">Read more &rarr;<\/a><\/p>\n","protected":false},"author":1,"featured_media":0,"parent":0,"menu_order":0,"comment_status":"closed","ping_status":"closed","template":"","meta":{"footnotes":""},"_links":{"self":[{"href":"https:\/\/trauerlichtung.de\/index.php?rest_route=\/wp\/v2\/pages\/313"}],"collection":[{"href":"https:\/\/trauerlichtung.de\/index.php?rest_route=\/wp\/v2\/pages"}],"about":[{"href":"https:\/\/trauerlichtung.de\/index.php?rest_route=\/wp\/v2\/types\/page"}],"author":[{"embeddable":true,"href":"https:\/\/trauerlichtung.de\/index.php?rest_route=\/wp\/v2\/users\/1"}],"replies":[{"embeddable":true,"href":"https:\/\/trauerlichtung.de\/index.php?rest_route=%2Fwp%2Fv2%2Fcomments&post=313"}],"version-history":[{"count":0,"href":"https:\/\/trauerlichtung.de\/index.php?rest_route=\/wp\/v2\/pages\/313\/revisions"}],"wp:attachment":[{"href":"https:\/\/trauerlichtung.de\/index.php?rest_route=%2Fwp%2Fv2%2Fmedia&parent=313"}],"curies":[{"name":"wp","href":"https:\/\/api.w.org\/{rel}","templated":true}]}}