{"id":215,"date":"2014-03-24T23:07:04","date_gmt":"2014-03-24T22:07:04","guid":{"rendered":"http:\/\/trauerlichtungblog.wordpress.com\/?page_id=215"},"modified":"2014-03-24T23:07:04","modified_gmt":"2014-03-24T22:07:04","slug":"vorsorge","status":"publish","type":"page","link":"https:\/\/trauerlichtung.de\/?page_id=215","title":{"rendered":"vorsorge"},"content":{"rendered":"<p style=\"text-align: center;\"><strong><em>\u201eF\u00fcr meine letzte Reise&#8230;.\u201c<\/em><\/strong><\/p>\n<p><em>\u00a0<\/em>Damit beschriftete meine Gro\u00dftante einen Ordner, in dem sie im Vorhinein all das sammelte und aufschrieb, was ihr wichtig war f\u00fcr den Tag, an dem sie einmal sterben wird.\u00a0In den letzten Jahren sprachen wir oft bei sonnt\u00e4glichen Kaffeebesuchen \u00fcber ihre Vorstellungen &#8211; aber auch \u00fcber unsere eigenen Ideen f\u00fcr ein sch\u00f6nes Abschiedsritual. Und so f\u00fcllten sich ihre Seiten:<\/p>\n<p><em>Das rosa getupfte Kleid m\u00f6chte ich tragen und dazu den Schal, den ich zur goldenen Hochzeit von meinem Mann bekam; auch sein Bild m\u00f6chte ich mitnehmen, und meinen Ehering! \u00a0Bevor ich verbrannt werde, darf mir jeder, der m\u00f6chte, etwas f\u00fcr meinen Weg in den Sarg geben. <\/em><em>F\u00fcr euch habe ich kleine Briefe hinterlassen, die ihr am Tag meiner Beisetzung am Grab \u00f6ffnen und lesen sollt. <\/em><em>Vielleicht gibt es noch den alten Pfarrer in der Gemeinde f\u00fcr meine Trauerfeier, doch wenn ihr m\u00f6gt, k\u00f6nnt auch ihr etwas \u00fcber mein Leben erz\u00e4hlen. <\/em><em>Ich habe euch viele Anekdoten hier aufgeschrieben, aber auch Erinnerungen an Momente, die mich sehr bewegt haben.<\/em><\/p>\n<p><em>Ich m\u00f6chte gerne, dass ein Gospelchor singt und viele Kerzen brennen.\u00a0<\/em><em>Am liebsten m\u00f6chte ich viele Schneegl\u00f6ckchen und Christrosen um mich herum haben, wenn ich in dieser Zeit sterben soll. In den anderen Monaten \u00fcberlasse ich euch die Wahl der Blumen.\u00a0<\/em><em>Die Grabst\u00e4tte sollt ihr w\u00e4hlen, denn ihr \u00a0werdet sie pflegen m\u00fcssen &#8230; \u00a0\u00a0<\/em><em>Aber bitte: Schwimmen will ich auch dann nicht mehr lernen ! \u00a0Liebesgr\u00fc\u00dfe von eurer Tante E.<\/em><\/p>\n<p>Nun, und eines Tages, haben wir ihre W\u00fcnsche genauso erf\u00fcllen k\u00f6nnen &#8211; Was f\u00fcr ein Geschenk!!!<\/p>\n<p>Anderen Familien liegen leider oftmals keine Informationen vor, und sie stehen nun vor einem riesengro\u00dfen Fragezeichen!<\/p>\n<p><em>\u201eSollen wir &#8211; ganz klassisch &#8211; ein Erdgrab aussuchen, ein pflegeleichtes Urnengrab, einen Platz unter einem Baum, oder sollen wir die Asche der See \u00fcbergeben? \u00a0<\/em><em>Warum nur haben wir zu Lebzeiten nie den Mut gehabt, dieses Thema anzusprechen&#8230;.\u201c<\/em><\/p>\n<p>Ja, und dann taucht die handgeschriebene Notiz auf:\u00a0<em>\u201eIch m\u00f6chte anonym beerdigt werden\u201c.<\/em>\u00a0Doch das m\u00f6chten die Kinder gar nicht, sie wollen f\u00fcr sich und die Enkelkinder einen Erinnerungsplatz schaffen. Vielleicht entsteht sogar das dringende Bed\u00fcrfnis sich noch einmal zu verabschieden.\u00a0Wie gut, dass es doch die eine oder andere, bisher nicht bedachte M\u00f6glichkeit gibt!<\/p>\n<p>Nun, es gibt so vieles, was man Vorhinein bedenken, besprechen und festhalten kann.\u00a0Daf\u00fcr sind entsprechende Vorsorgevertr\u00e4ge neben gemeinsamen Gespr\u00e4chen,\u00a0eine gute M\u00f6glichkeit zur Realisierung.\u00a0Doch es gibt auch die Situationen, wo Verf\u00fcgnisse nicht mehr m\u00f6glich sind,\u00a0wo Bed\u00fcrfnisse und W\u00fcnsche pl\u00f6tzlich und unerwartet keinen Platz und Raum mehr finden &#8230;<\/p>\n<p>Daher ist es wichtig einer Vertrauensperson schon rechtzeitig, in unbeschwerten Zeiten, eine entsprechende Vollmacht auszustellen, damit sie in unserem Sinne Entscheidungen treffen kann.<\/p>\n<p>Oder mit einem Bestattungsinstitut Ihres Vertrauens einen entsprechenden Vorsorgevertrag abzuschlie\u00dfen.<\/p>\n<p style=\"text-align: center;\"><strong>JA\u00a0zur Vorsorge ! <\/strong><\/p>\n<p style=\"text-align: center;\"><strong>Mitten im Leben schon an das Ende denken, denn, unser Tod geh\u00f6rt zu unserem Leben<\/strong><\/p>\n<ul>\n<li>So kann ich mich informieren und vorbereiten, um im Trauerfall meine Angeh\u00f6rigen nicht hilflos zur\u00fcck zu lassen,\u00a0und diese k\u00f6nnen beruhigt sein, meinem Wunsch zu entsprechen,<\/li>\n<li>weil ich konkrete Vorstellungen habe, was die Gestaltung meines eigenen Abschieds betrifft;<\/li>\n<li>weil ich mitentscheiden will, wo und wie ich selbst einmal bestattet werde.<\/li>\n<li>Ich kann mich \u00fcber die H\u00f6he m\u00f6glicher Bestattungskosten informieren und entsprechend vorsorgen, weil ich meine Familie in emotionaler, organisatorischer und finanzieller Hinsicht entlasten m\u00f6chte; oder weil ich keine direkten oder schnell greifbaren Angeh\u00f6rigen habe.<\/li>\n<li>Wenn alles im Vorfeld vorbereitet oder festgelegt ist, kann die Zeit des Abschieds f\u00fcr die Hinterbliebenen besser genutzt und gelebt werden.<\/li>\n<\/ul>\n<p>Es ist sowohl m\u00f6glich, f\u00fcr Ihre Angeh\u00f6rigen Vorsorge zu treffen als auch f\u00fcr Sie selbst.<\/p>\n<p>Wenn Sie sich \u00fcber Formen der Bestattung, Kosten und Gestaltungsm\u00f6glichkeiten einer Beisetzung informieren m\u00f6chten, nehmen Sie gerne f\u00fcr ein ausf\u00fchrliches, kostenloses Gespr\u00e4ch mit uns Kontakt auf.<\/p>\n<p>Wir unterst\u00fctzen Sie bei Ihren W\u00fcnschen und Vorstellungen, sowie der Ausarbeitung einer pers\u00f6nlich zugeschnittenen Bestattungsvorsorge.<\/p>\n","protected":false},"excerpt":{"rendered":"<p>\u201eF\u00fcr meine letzte Reise&#8230;.\u201c \u00a0Damit beschriftete meine Gro\u00dftante einen Ordner, in dem sie im Vorhinein all das sammelte und aufschrieb, was ihr wichtig war f\u00fcr den Tag, an dem sie einmal sterben wird.\u00a0In den letzten Jahren sprachen wir oft bei&hellip;<\/p>\n<p class=\"more-link-p\"><a class=\"more-link\" href=\"https:\/\/trauerlichtung.de\/?page_id=215\">Read more &rarr;<\/a><\/p>\n","protected":false},"author":1,"featured_media":0,"parent":0,"menu_order":0,"comment_status":"closed","ping_status":"closed","template":"","meta":{"footnotes":""},"_links":{"self":[{"href":"https:\/\/trauerlichtung.de\/index.php?rest_route=\/wp\/v2\/pages\/215"}],"collection":[{"href":"https:\/\/trauerlichtung.de\/index.php?rest_route=\/wp\/v2\/pages"}],"about":[{"href":"https:\/\/trauerlichtung.de\/index.php?rest_route=\/wp\/v2\/types\/page"}],"author":[{"embeddable":true,"href":"https:\/\/trauerlichtung.de\/index.php?rest_route=\/wp\/v2\/users\/1"}],"replies":[{"embeddable":true,"href":"https:\/\/trauerlichtung.de\/index.php?rest_route=%2Fwp%2Fv2%2Fcomments&post=215"}],"version-history":[{"count":0,"href":"https:\/\/trauerlichtung.de\/index.php?rest_route=\/wp\/v2\/pages\/215\/revisions"}],"wp:attachment":[{"href":"https:\/\/trauerlichtung.de\/index.php?rest_route=%2Fwp%2Fv2%2Fmedia&parent=215"}],"curies":[{"name":"wp","href":"https:\/\/api.w.org\/{rel}","templated":true}]}}

<p style="text-align: center;"><strong><em>„Für meine letzte Reise&#8230;.“</em></strong></p>
<p><em> </em>Damit beschriftete meine Großtante einen Ordner, in dem sie im Vorhinein all das sammelte und aufschrieb, was ihr wichtig war für den Tag, an dem sie einmal sterben wird. In den letzten Jahren sprachen wir oft bei sonntäglichen Kaffeebesuchen über ihre Vorstellungen &#8211; aber auch über unsere eigenen Ideen für ein schönes Abschiedsritual. Und so füllten sich ihre Seiten:</p>
<p><em>Das rosa getupfte Kleid möchte ich tragen und dazu den Schal, den ich zur goldenen Hochzeit von meinem Mann bekam; auch sein Bild möchte ich mitnehmen, und meinen Ehering!  Bevor ich verbrannt werde, darf mir jeder, der möchte, etwas für meinen Weg in den Sarg geben. </em><em>Für euch habe ich kleine Briefe hinterlassen, die ihr am Tag meiner Beisetzung am Grab öffnen und lesen sollt. </em><em>Vielleicht gibt es noch den alten Pfarrer in der Gemeinde für meine Trauerfeier, doch wenn ihr mögt, könnt auch ihr etwas über mein Leben erzählen. </em><em>Ich habe euch viele Anekdoten hier aufgeschrieben, aber auch Erinnerungen an Momente, die mich sehr bewegt haben.</em></p>
<p><em>Ich möchte gerne, dass ein Gospelchor singt und viele Kerzen brennen. </em><em>Am liebsten möchte ich viele Schneeglöckchen und Christrosen um mich herum haben, wenn ich in dieser Zeit sterben soll. In den anderen Monaten überlasse ich euch die Wahl der Blumen. </em><em>Die Grabstätte sollt ihr wählen, denn ihr  werdet sie pflegen müssen &#8230;   </em><em>Aber bitte: Schwimmen will ich auch dann nicht mehr lernen !  Liebesgrüße von eurer Tante E.</em></p>
<p>Nun, und eines Tages, haben wir ihre Wünsche genauso erfüllen können &#8211; Was für ein Geschenk!!!</p>
<p>Anderen Familien liegen leider oftmals keine Informationen vor, und sie stehen nun vor einem riesengroßen Fragezeichen!</p>
<p><em>„Sollen wir &#8211; ganz klassisch &#8211; ein Erdgrab aussuchen, ein pflegeleichtes Urnengrab, einen Platz unter einem Baum, oder sollen wir die Asche der See übergeben?  </em><em>Warum nur haben wir zu Lebzeiten nie den Mut gehabt, dieses Thema anzusprechen&#8230;.“</em></p>
<p>Ja, und dann taucht die handgeschriebene Notiz auf: <em>„Ich möchte anonym beerdigt werden“.</em> Doch das möchten die Kinder gar nicht, sie wollen für sich und die Enkelkinder einen Erinnerungsplatz schaffen. Vielleicht entsteht sogar das dringende Bedürfnis sich noch einmal zu verabschieden. Wie gut, dass es doch die eine oder andere, bisher nicht bedachte Möglichkeit gibt!</p>
<p>Nun, es gibt so vieles, was man Vorhinein bedenken, besprechen und festhalten kann. Dafür sind entsprechende Vorsorgeverträge neben gemeinsamen Gesprächen, eine gute Möglichkeit zur Realisierung. Doch es gibt auch die Situationen, wo Verfügnisse nicht mehr möglich sind, wo Bedürfnisse und Wünsche plötzlich und unerwartet keinen Platz und Raum mehr finden &#8230;</p>
<p>Daher ist es wichtig einer Vertrauensperson schon rechtzeitig, in unbeschwerten Zeiten, eine entsprechende Vollmacht auszustellen, damit sie in unserem Sinne Entscheidungen treffen kann.</p>
<p>Oder mit einem Bestattungsinstitut Ihres Vertrauens einen entsprechenden Vorsorgevertrag abzuschließen.</p>
<p style="text-align: center;"><strong>JA zur Vorsorge ! </strong></p>
<p style="text-align: center;"><strong>Mitten im Leben schon an das Ende denken, denn, unser Tod gehört zu unserem Leben</strong></p>
<ul>
<li>So kann ich mich informieren und vorbereiten, um im Trauerfall meine Angehörigen nicht hilflos zurück zu lassen, und diese können beruhigt sein, meinem Wunsch zu entsprechen,</li>
<li>weil ich konkrete Vorstellungen habe, was die Gestaltung meines eigenen Abschieds betrifft;</li>
<li>weil ich mitentscheiden will, wo und wie ich selbst einmal bestattet werde.</li>
<li>Ich kann mich über die Höhe möglicher Bestattungskosten informieren und entsprechend vorsorgen, weil ich meine Familie in emotionaler, organisatorischer und finanzieller Hinsicht entlasten möchte; oder weil ich keine direkten oder schnell greifbaren Angehörigen habe.</li>
<li>Wenn alles im Vorfeld vorbereitet oder festgelegt ist, kann die Zeit des Abschieds für die Hinterbliebenen besser genutzt und gelebt werden.</li>
</ul>
<p>Es ist sowohl möglich, für Ihre Angehörigen Vorsorge zu treffen als auch für Sie selbst.</p>
<p>Wenn Sie sich über Formen der Bestattung, Kosten und Gestaltungsmöglichkeiten einer Beisetzung informieren möchten, nehmen Sie gerne für ein ausführliches, kostenloses Gespräch mit uns Kontakt auf.</p>
<p>Wir unterstützen Sie bei Ihren Wünschen und Vorstellungen, sowie der Ausarbeitung einer persönlich zugeschnittenen Bestattungsvorsorge.</p>

<p>„Für meine letzte Reise&#8230;.“  Damit beschriftete meine Großtante einen Ordner, in dem sie im Vorhinein all das sammelte und aufschrieb, was ihr wichtig war für den Tag, an dem sie einmal sterben wird. In den letzten Jahren sprachen wir oft bei&hellip;</p>
<p class="more-link-p"><a class="more-link" href="https://trauerlichtung.de/?page_id=215">Read more &rarr;</a></p>
